n factor of 93624 and 249?
249
Calculate the highest common factor of 19856 and 34.
34
What is the highest common factor of 3772620 and 180?
180
What is the greatest common divisor of 528 and 256?
16
Calculate the highest common divisor of 14818 and 8365.
239
Calculate the highest common divisor of 3187128 and 183.
183
What is the highest common divisor of 305269 and 17?
17
What is the greatest common factor of 219916 and 4?
4
Calculate the greatest common divisor of 176 and 1417328.
176
What is the highest common divisor of 110784 and 960?
192
What is the greatest common factor of 1040 and 5265?
65
What is the greatest common divisor of 178585 and 561?
187
Calculate the greatest common factor of 143108 and 456.
76
Calculate the greatest common factor of 35 and 99265.
5
Calculate the greatest common factor of 209 and 26714.
19
What is the highest common factor of 544 and 5069264?
272
What is the highest common factor of 40932 and 729?
27
What is the highest common divisor of 1573 and 6809?
11
Calculate the highest common divisor of 462 and 5670.
42
What is the highest common factor of 33011 and 33?
11
Calculate the highest common divisor of 344 and 10478.
2
Calculate the highest common factor of 1634 and 107414.
86
What is the greatest common factor of 66 and 1396362?
66
What is the highest common factor of 17550 and 288?
18
Calculate the highest common divisor of 157112 and 4790.
958
Calculate the highest common factor of 1751 and 2771.
17
Calculate the greatest common factor of 665 and 7280.
35
What is the highest common divisor of 1143 and 9398?
127
Calculate the greatest common divisor of 57539 and 163.
163
What is the highest common divisor of 32410 and 140?
70
What is the highest common factor of 220 and 35080?
20
Calculate the highest common factor of 598685 and 5.
5
Calculate the greatest common factor of 5966 and 97654.
314
Calculate the highest common factor of 14 and 71113.
7
What is the greatest common divisor of 27186 and 7486?
394
What is the highest common divisor of 984009 and 156?
39
Calculate the highest common factor of 275808 and 272.
272
What is the greatest common divisor of 207 and 306?
9
Calculate the highest common divisor of 21409 and 61517.
271
Calculate the greatest common divisor of 22662 and 6.
6
What is the highest common factor of 9 and 43275?
3
What is the greatest common factor of 335 and 126697?
67
Calculate the greatest common divisor of 1377 and 14076.
153
What is the highest common factor of 53 and 72451?
53
Calculate the highest common factor of 26532 and 297.
99
Calculate the greatest common factor of 132643 and 196.
49
Calculate the greatest common factor of 133 and 49172.
19
Calculate the highest common divisor of 126234 and 108.
18
What is the highest common factor of 44 and 19646?
22
What is the highest common factor of 132138 and 18?
18
What is the greatest common divisor of 14094 and 29?
29
What is the highest common factor of 717512 and 32?
8
Calculate the greatest common factor of 896 and 146384.
112
Calculate the highest common factor of 1980 and 371140.
220
What is the highest common divisor of 40 and 96?
8
Calculate the highest common factor of 879377 and 1767.
589
What is the greatest common divisor of 18125 and 928?
29
Calculate the highest common factor of 485888 and 12337.
949
Calculate the greatest common divisor of 24 and 33874488.
24
What is the greatest common factor of 154 and 6790?
14
What is the greatest common divisor of 117056 and 45784?
472
Calculate the greatest common divisor of 301317 and 282.
141
Calculate the highest common divisor of 272268 and 36.
36
What is the highest common factor of 4 and 7549?
1
Calculate the greatest common factor of 1573 and 6578.
143
Calculate the highest common factor of 315003 and 246.
123
What is the highest common factor of 110 and 2000?
10
What is the greatest common factor of 5 and 16454?
1
Calculate the highest common factor of 101193 and 2937.
267
What is the greatest common factor of 55 and 2431319?
11
Calculate the highest common divisor of 142 and 164294.
142
What is the greatest common factor of 22351 and 16957?
31
Calculate the greatest common divisor of 6591 and 1131.
39
Calculate the highest common factor of 7200 and 405.
45
What is the greatest common divisor of 881198 and 5944?
1486
What is the greatest common factor of 315 and 27440?
35
Calculate the highest common divisor of 105688 and 1254.
22
What is the greatest common factor of 422 and 932831?
211
What is the highest common factor of 163296 and 2464?
224
Calculate the highest common factor of 7494 and 27.
3
What is the greatest common factor of 749 and 1169?
7
What is the greatest common divisor of 624 and 115752?
312
Calculate the greatest common divisor of 66929 and 155.
31
What is the greatest common factor of 357922 and 114?
38
Calculate the greatest common factor of 69344 and 154.
22
What is the greatest common factor of 20 and 4959140?
20
What is the highest common divisor of 21783 and 1644?
411
What is the greatest common divisor of 536114 and 124?
62
Calculate the greatest common factor of 758813 and 1111.
1111
What is the greatest common factor of 155665 and 19100?
955
Calculate the highest common divisor of 634 and 1254686.
634
What is the greatest common factor of 1827 and 2784?
87
Calculate the greatest common divisor of 868128 and 72.
24
Calculate the greatest common divisor of 1136336 and 186.
62
Calculate the highest common divisor of 41 and 843698.
41
What is the highest common factor of 974 and 12?
2
What is the highest common divisor of 321426 and 126?
126
Calculate the greatest common factor of 153 and 415497.
51
What is the greatest common divisor of 20508 and 672?
12
Calculate the greatest common factor of 1656 and 64.
8
Calculate the highest common divisor of 1773891 and 3885.
777
Calculate the highest common divisor of 3443 and 7183.
11
What is the greatest common factor of 5 and 29540?
5
What is the greatest common divisor of 80556 and 882?
294
Calculate the highest common factor of 484 and 6413.
121
What is the greatest common factor of 425 and 18649?
17
What is the highest common divisor of 3400569 and 20503?
2929
What is the greatest common divisor of 57113 and 451?
41
What is the greatest common factor of 1219 and 1863?
23
Calculate the greatest common divisor of 768 and 619224.
24
Calculate the greatest common divisor of 55678 and 546.
14
Calculate the greatest common divisor of 80 and 4520.
40
What is the greatest common divisor of 130 and 122330?
130
Calculate the highest common divisor of 36 and 20784.
12
Calculate the highest common factor of 11518 and 598.
26
Calculate the greatest common divisor of 4256 and 72.
8
What is the highest common divisor of 5439 and 637?
49
Calculate the greatest common divisor of 29 and 550217.
29
What is the greatest common divisor of 179238 and 6?
6
What is the highest common divisor of 4509 and 105711?
501
What is the greatest common factor of 327 and 2568912?
327
Calculate the greatest common divisor of 105306 and 6.
6
What is the highest common factor of 803220 and 275?
55
Calculate the highest common factor of 681 and 138016.
227
What is the highest common divisor of 6771 and 15984?
111
What is the greatest common divisor of 360 and 103095?
45
Calculate the greatest common factor of 3663 and 1584.
99
Calculate the highest common factor of 2691 and 17343.
9
What is the greatest common divisor of 107294 and 154?
22
Calculate the highest common factor of 35 and 67285.
5
What is the greatest common divisor of 15 and 1453445?
5
What is the highest common divisor of 11225 and 61513?
449
What is the highest common factor of 25680 and 8?
8
Calculate the highest common divisor of 275 and 7675.
25
What is the highest common divisor of 24442 and 363?
121
Calculate the highest common divisor of 118347 and 42513.
1149
Calculate the greatest common divisor of 230568 and 390.
78
What is the highest common factor of 136 and 119459?
17
Calculate the highest common divisor of 2620704 and 96.
96
Calculate the greatest common factor of 21183 and 58944.
921
What is the greatest common divisor of 1673194 and 62?
62
What is the highest common divisor of 56 and 1197?
7
What is the highest common divisor of 509670 and 90?
90
Ca